ctors of 1167?
3, 389
List the prime factors of 3960.
2, 3, 5, 11
What are the prime factors of 3522?
2, 3, 587
What are the prime factors of 63896?
2, 7, 163
List the prime factors of 6082.
2, 3041
What are the prime factors of 550?
2, 5, 11
What are the prime factors of 706?
2, 353
List the prime factors of 1737.
3, 193
List the prime factors of 55183.
139, 397
What are the prime factors of 36567?
3, 17, 239
What are the prime factors of 2310?
2, 3, 5, 7, 11
What are the prime factors of 13184?
2, 103
What are the prime factors of 1060?
2, 5, 53
What are the prime factors of 2884?
2, 7, 103
List the prime factors of 113432.
2, 11, 1289
What are the prime factors of 75?
3, 5
What are the prime factors of 5223?
3, 1741
List the prime factors of 2128.
2, 7, 19
List the prime factors of 6380.
2, 5, 11, 29
What are the prime factors of 30546?
2, 3, 1697
List the prime factors of 2367.
3, 263
What are the prime factors of 124690?
2, 5, 37, 337
List the prime factors of 1099.
7, 157
What are the prime factors of 146?
2, 73
List the prime factors of 2174.
2, 1087
What are the prime factors of 44153?
67, 659
What are the prime factors of 5974?
2, 29, 103
List the prime factors of 1203.
3, 401
List the prime factors of 735.
3, 5, 7
What are the prime factors of 20856?
2, 3, 11, 79
List the prime factors of 1376.
2, 43
What are the prime factors of 1287?
3, 11, 13
List the prime factors of 1442.
2, 7, 103
List the prime factors of 21893.
21893
List the prime factors of 9389.
41, 229
What are the prime factors of 1052?
2, 263
What are the prime factors of 1546?
2, 773
List the prime factors of 29774.
2, 14887
What are the prime factors of 6071?
13, 467
What are the prime factors of 6102?
2, 3, 113
List the prime factors of 21486.
2, 3, 3581
What are the prime factors of 15263?
15263
List the prime factors of 14331.
3, 17, 281
What are the prime factors of 4150?
2, 5, 83
What are the prime factors of 44506?
2, 7, 11, 17
List the prime factors of 270.
2, 3, 5
List the prime factors of 887.
887
List the prime factors of 440.
2, 5, 11
What are the prime factors of 4242?
2, 3, 7, 101
List the prime factors of 1506.
2, 3, 251
What are the prime factors of 1700?
2, 5, 17
List the prime factors of 316.
2, 79
List the prime factors of 59185.
5, 7, 19, 89
What are the prime factors of 1204?
2, 7, 43
What are the prime factors of 2898?
2, 3, 7, 23
What are the prime factors of 1329?
3, 443
What are the prime factors of 28008?
2, 3, 389
List the prime factors of 6367.
6367
List the prime factors of 66831.
3, 22277
List the prime factors of 2681.
7, 383
List the prime factors of 457.
457
List the prime factors of 118968.
2, 3, 4957
What are the prime factors of 2134?
2, 11, 97
What are the prime factors of 13077?
3, 1453
List the prime factors of 8498.
2, 7, 607
List the prime factors of 2545.
5, 509
List the prime factors of 90762.
2, 3, 7, 2161
List the prime factors of 2911.
41, 71
What are the prime factors of 14411?
14411
List the prime factors of 15597.
3, 1733
List the prime factors of 13954.
2, 6977
What are the prime factors of 1369?
37
List the prime factors of 800.
2, 5
List the prime factors of 4057.
4057
List the prime factors of 8792.
2, 7, 157
List the prime factors of 73030.
2, 5, 67, 109
What are the prime factors of 22803?
3, 11, 691
What are the prime factors of 32722?
2, 16361
List the prime factors of 1019.
1019
What are the prime factors of 34522?
2, 41, 421
What are the prime factors of 2485?
5, 7, 71
What are the prime factors of 11041?
61, 181
List the prime factors of 7906.
2, 59, 67
List the prime factors of 668.
2, 167
List the prime factors of 613.
613
What are the prime factors of 18934?
2, 9467
What are the prime factors of 64096?
2, 2003
What are the prime factors of 5282?
2, 19, 139
List the prime factors of 811.
811
What are the prime factors of 7802?
2, 47, 83
List the prime factors of 6272.
2, 7
What are the prime factors of 2589?
3, 863
What are the prime factors of 1335?
3, 5, 89
List the prime factors of 7245.
3, 5, 7, 23
What are the prime factors of 35896?
2, 7, 641
What are the prime factors of 1455?
3, 5, 97
What are the prime factors of 12161?
12161
What are the prime factors of 25901?
59, 439
List the prime factors of 765.
3, 5, 17
What are the prime factors of 50911?
7, 1039
What are the prime factors of 10502?
2, 59, 89
List the prime factors of 72305.
5, 14461
List the prime factors of 10820.
2, 5, 541
What are the prime factors of 11039?
7, 19, 83
What are the prime factors of 21238?
2, 7, 37, 41
List the prime factors of 2510.
2, 5, 251
List the prime factors of 5249.
29, 181
What are the prime factors of 102098?
2, 71, 719
List the prime factors of 1517.
37, 41
What are the prime factors of 55058?
2, 27529
List the prime factors of 415.
5, 83
What are the prime factors of 101779?
17, 5987
List the prime factors of 128963.
29, 4447
List the prime factors of 72612.
2, 3, 2017
What are the prime factors of 21547?
29, 743
List the prime factors of 60779.
60779
What are the prime factors of 31349?
23, 29, 47
List the prime factors of 2238.
2, 3, 373
What are the prime factors of 141699?
3, 149, 317
List the prime factors of 24801.
3, 7, 1181
What are the prime factors of 20627?
20627
List the prime factors of 3980.
2, 5, 199
List the prime factors of 1700.
2, 5, 17
List the prime factors of 234.
2, 3, 13
List the prime factors of 27926.
2, 13963
List the prime factors of 2222.
2, 11, 101
What are the prime factors of 2754?
2, 3, 17
List the prime factors of 1117.
1117
What are the prime factors of 35481?
3, 11827
List the prime factors of 2830.
2, 5, 283
What are the prime factors of 26285?
5, 7, 751
List the prime factors of 2622.
2, 3, 19, 23
List the prime factors of 13209.
3, 7, 17, 37
What are the prime factors of 35877?
3, 11959
List the prime factors of 2511.
3, 31
What are the prime factors of 32123?
7, 13, 353
What are the prime factors of 35825?
5, 1433
List the prime factors of 341.
11, 31
List the prime factors of 1167.
3, 389
List the prime factors of 14877.
3, 19, 29
List the prime factors of 1152.
2, 3
List the prime factors of 14856.
2, 3, 619
List the prime factors of 8199.
3, 911
List the prime factors of 6670.
2, 5, 23, 29
What are the prime factors of 4059?
3, 11, 41
What are the prime factors of 15587?
11, 13, 109
List the prime factors of 338.
2, 13
What are the prime factors of 5258?
2, 11, 239
What are the prime factors of 5136?
2, 3, 107
List the prime factors of 1672.
2, 11, 19
What are the prime factors of 1889?
1889
List the prime factors of 4664.
2, 11, 53
What are the prime factors of 2248?
2, 281
List the prime factors of 4.
2
What are the prime factors of 6498?
2, 3, 19
List the prime factors of 3179.
11, 17
List the prime factors of 518.
2, 7, 37
List the prime factors of 19059.
3, 6353
What are the prime factors of 1967?
7, 281
What are the prime factors of 53122?
2, 26561
List the prime factors of 107868.
2, 3, 89, 101
List the prime factors of 149265.
3, 5, 31, 107
What are the prime factors of 1527?
3, 509
What are the prime factors of 4327?
4327
List the prime factors of 67683.
3, 7, 11, 293
List the prime factors of 159.
3, 53
List the prime factors of 476.
2, 7, 17
What are the prime factors of 56500?
2, 5, 113
What are the prime factors of 17744?
2, 1109
What are the prime factors of 46979?
109, 431
What are the prime factors of 21143?
21143
What are the prime factors of 1069?
1069
What are the prime factors of 1632?
2, 3, 17
What are the prime factors of 4909?
4909
What are the prime factors of 788?
2, 197
What are the prime factors of 575?
5, 23
What are the prime factors of 508?
2, 127
List the prime factors of 1500.
2, 3, 5
What are the prime factors of 73452?
2, 3, 6121
What are the prime factors of 9276?
2, 3, 773
What are the prime factors of 20878?
2, 11, 13, 73
List the prime factors of 499.
499
List the prime factors of 1551.
3, 11, 47
What are the prime factors of 4313?
19, 227
List the prime factors of 872.
2, 109
What are the prime factors of 1187?
1187
What are the prime factors of 85370?
2, 5, 8537
What are the prime factors of 1321?
1321
What are the prime factors of 123?
3, 41
List the prime factors of 1384.
2, 173
What are the prime factors of 8426?
2, 11, 3